 the highest common divisor of y and x.
10
Let x(i) = 6*i + 91. Let w be x(-15). Calculate the greatest common divisor of w and 8.
1
Suppose x = 5, 2*g = -0*g + 2*x - 252. Let s = g - -330. What is the highest common factor of 19 and s?
19
Suppose d = b + 3*d, 0 = -5*d. Suppose -3*w - 2*w + 65 = b. Suppose 0 = 2*t + 2*t + x - 577, x - 5 = 0. What is the highest common divisor of w and t?
13
Suppose 0 = -v - 4*v + t + 135, 0 = 2*v - 2*t - 62. Calculate the greatest common divisor of 26 and v.
26
Let u(x) = 9*x + 3 - 4*x + 0*x + 1. Let v(g) = -g - 3. Let z be v(-7). Let a be u(z). What is the highest common factor of 6 and a?
6
Let z = -123 + 133. Calculate the greatest common factor of 50 and z.
10
Let s = -11 + 21. Let o be -13*(2 - (0 + 1)). Let k = 2 - o. What is the highest common divisor of s and k?
5
Let u be (1 - (7 - 3)) + 22. What is the greatest common divisor of u and 209?
19
Suppose 0 = 2*g - g + 325. Let z = 7 - 3. Let k be g/(-45) - z/18. Calculate the highest common divisor of k and 1.
1
Suppose -2*h + 4*h - 16 = 0. Calculate the highest common divisor of h and 2.
2
Suppose -7*m + 138 = -m. Calculate the highest common divisor of m and 184.
23
Let j(m) = 4*m**2 - 2*m - 1. Let x be j(-1). Suppose -x*s + 24 = -2*s. What is the greatest common factor of 4 and s?
4
Let a = -58 - -70. What is the greatest common factor of a and 84?
12
Let f(o) = -o**3 - 2*o**2 + o + 1. Suppose -3*j + 5 - 14 = 0. Let m be f(j). Let i be (-14)/5*-5*1. Calculate the highest common factor of i and m.
7
Let n(u) = 0 - 5 - u + u**3 - 1 - 5*u**2 + 4*u. Let t be n(5). Calculate the highest common factor of t and 18.
9
Let b(d) = -d + 25. Let i be b(6). What is the highest common factor of i and 19?
19
Suppose 0*s + 23 = s - 3*w, -5*w = 3*s - 27. Let k(i) = 125*i**3 + 2*i**2 - 2*i + 1. Let z be k(1). Calculate the highest common divisor of z and s.
14
Suppose 2*y - 210 = 5*w, 0 = y + 3*w + 30 - 157. Calculate the highest common factor of y and 69.
23
Suppose b + 18 = s + 4, 4*b + 72 = 5*s. Calculate the highest common factor of s and 2.
2
Let v(i) = 7*i**3 - 2*i**2 + 3*i + 1. Let j be v(2). Calculate the greatest common divisor of 5 and j.
5
Suppose -4*s + 2*t = 0, 2*s + 4*t - 12 = 2*t. Suppose -4*y + 56 = -b + 2*b, -s*b + 8 = 0. Calculate the highest common factor of y and 13.
13
Suppose -2*a = -7*a + 180. Calculate the greatest common factor of a and 12.
12
Let y be (18/(-4))/(6/(-8)). Suppose 5*h = y + 4. Let u be (-30)/(-6) - (-2)/2. Calculate the highest common divisor of h and u.
2
Let i be 2000/(-6) + 2/6. Let v be 7*2*i/(-18). Suppose -q - 3*y = 4*q - v, 2*q - 97 = y. What is the highest common divisor of q and 10?
10
Let d(g) = -2*g**3 - 11*g**2 + 3*g - 9. Let l be d(-6). Suppose 0 = -5*s - 5, -239 = -3*r - 4*s. What is the highest common divisor of r and l?
9
Suppose -13 = 5*y - 5*a - 63, -2*y - 2*a = -20. Let d = y - -2. Suppose -25 = -5*u, 5*w - 3*u - 110 = -u. What is the highest common divisor of w and d?
12
Let p(x) = -x**3 + 5*x**2 - 2*x - 1. Let a be p(2). Let h(i) = -i**2 - 18*i - 14. Let n be h(-11). Calculate the highest common factor of n and a.
7
Suppose -3*f + a - 14 = -163, f + 4*a - 28 = 0. What is the greatest common divisor of 24 and f?
24
Let v = 61 - 41. Suppose -i = -5*i + v. Calculate the greatest common factor of i and 45.
5
Let t = -23 - -29. Calculate the greatest common divisor of t and 78.
6
Let l(o) = -o - 4. Let a be l(0). Let v = a + 4. Suppose 4*t - 2*t - 20 = v. Calculate the highest common factor of t and 10.
10
Suppose 0 = 4*x - 5*h - 35, -5*x - h = -2*h - 49. Let v be 4/(-6) + (-41)/(-3). Suppose v = i + 3. Calculate the greatest common factor of i and x.
10
Let g = -7 - -8. Calculate the highest common factor of 11 and g.
1
Suppose 2*z - 4*z + 241 = 3*j, 0 = -z - 1. What is the greatest common divisor of j and 27?
27
Let d = -270 + 417. What is the greatest common divisor of 21 and d?
21
Let o = 11 + -7. Let w(d) = 21*d**2 + 3*d. Let t be w(-3). Suppose -t = -3*u - 2*u. Calculate the greatest common factor of u and o.
4
Suppose 176 + 1104 = 10*b. Suppose -4*r = 5*x - 87 + 19, -3*r + 23 = 2*x. Calculate the greatest common divisor of b and x.
16
Let f be ((-44)/(-6))/(3/54). What is the greatest common divisor of f and 12?
12
Suppose 155 = 3*h + f, 0*h - h + 41 = -5*f. Suppose -5*c = -4*l - 14 + 71, 0 = 2*l + 5*c - h. Calculate the greatest common divisor of 126 and l.
18
Suppose -4*g - 3*r + 12 = 3, 5*g - 16 = r. Let p be 1 + 1*-2 + 16. Calculate the highest common divisor of g and p.
3
Suppose s = -2*s - 2*p + 276, 3*s + 4*p = 276. What is the greatest common factor of 23 and s?
23
Let g = -10 + 17. Let s(j) = 2*j + 28. Let n(a) = a**2 + 8*a + 7. Let y be n(-7). Let w be s(y). Calculate the highest common divisor of g and w.
7
Suppose 197 = 5*z - 303. What is the greatest common factor of z and 20?
20
Let r(l) = -6*l - 10. Let u be r(-7). Calculate the highest common factor of u and 320.
32
Let y = 23 - -7. Let u be 6/(-4) + (-54)/(-12). Suppose -u*c - 2*z = -52, -5*c = -5*z + 2*z - 112. Calculate the highest common divisor of c and y.
10
Let x = 43 + -30. What is the highest common factor of x and 13?
13
Suppose -9 = -2*i + 1. Let n = -3 + i. Suppose a = n*j + 3*a - 26, -3*j + 11 = -4*a. Calculate the greatest common factor of j and 72.
9
Let j(a) = -a**3 + a**2 - a - 1. Let x = -12 - -11. Let m be j(x). Suppose -2*g + 2 = -4*u, 4*g - 2*u - 4 = m*u. What is the highest common factor of g and 8?
1
Suppose 0 = -0*n + 5*n - 280. Suppose 4*h = -2*p + 152 + n, -3*h = -2*p + 194. Calculate the highest common factor of p and 40.
20
Let g be -4*(2 - 7 - -3). Calculate the greatest common factor of 1 and g.
1
Let q = 8 - 14. Let o = q + 11. Calculate the greatest common factor of 40 and o.
5
Let a(x) = -x**2 - 3*x + 2. Let v be a(-4). Let y be 3/(14/6 + v). What is the greatest common factor of y and 3?
3
Let b(p) = p**3 + 6*p**2 + p - 9. Let r be b(-4). What is the highest common factor of r and 209?
19
Suppose -195 = -4*k - k. Let l be 8/(-20)*130/(-4). Calculate the greatest common divisor of k and l.
13
Let z(u) = -2*u + 4. Suppose 22 = -5*r - 3. Let y be z(r). What is the greatest common factor of 42 and y?
14
Suppose -2*s - 5 + 61 = 0. What is the greatest common divisor of 252 and s?
28
Let j(a) be the first derivative of a**4/4 + 2*a**3/3 - 3*a - 1. Let k be j(3). What is the greatest common factor of k and 21?
21
Let z(p) = -p**2 - 5*p + 4. Let h(c) = c**2 + 4*c - 5. Let q(v) = 2*h(v) + 3*z(v). Let f be q(-6). What is the highest common divisor of 64 and f?
8
Let n = -496 + 832. Calculate the greatest common divisor of n and 48.
48
Suppose 0 = -6*t - 17 + 1529. Calculate the greatest common divisor of 28 and t.
28
Suppose 5*o - 38 - 42 = 0. Suppose 0 = 7*m + 18 - 130. Calculate the greatest common factor of m and o.
16
Let v = 24 - 4. What is the greatest common divisor of 80 and v?
20
Suppose -5*j - 5*u = -120, 4*j + 3*u = 2*j + 46. Suppose 3*y - j = -3*v + 2*v, -v + 31 = 4*y. Calculate the highest common factor of v and 1.
1
Suppose 5*k - 3 = 4*k. Suppose o = 2 + 4. Calculate the greatest common divisor of o and k.
3
Suppose 6*m - 1406 - 508 = 0. What is the highest common factor of 29 and m?
29
Let s = 8 - -4. Let u be -21*4*(1 - 2). What is the greatest common divisor of s and u?
12
Let o be 1/((-80)/(-26) - 12/4). Calculate the highest common divisor of 1 and o.
1
Let h = 1 + 0. What is the greatest common factor of h and 11?
1
Let j = 15 - -1. Let f = j + -9. What is the greatest common factor of f and 56?
7
Let n = -21 - -51. Calculate the highest common divisor of n and 10.
10
Suppose -2*q = -5*q + 6. Let h(y) = 0*y - y**q + 8*y - y**3 - 7*y - y**3. Let o be h(-2). Calculate the highest common factor of o and 80.
10
Let w(d) = 2*d**2. Let x be w(2). Suppose x = -j + 3*j. Calculate the greatest common factor of j and 4.
4
Let v(f) = 5*f**2 + 2*f + 3. Let j be v(-1). Calculate the greatest common divisor of 18 and j.
6
Suppose 5*b + 1 + 4 = 0. Let y be ((b - -16) + -1)*4. Calculate the highest common factor of y and 14.
14
Suppose -4*u = 5*t - 28, 0 = -5*u - 2*t - 15 + 67. What is the greatest common factor of u and 18?
6
Let b(u) = 13*u - 43. Let l be b(4). Calculate the highest common factor of l and 